58957991.
43, 36254837
List the prime factors of 494450802.
2, 3, 2459, 11171
What are the prime factors of 3676867467?
3, 7, 13, 317, 42487
What are the prime factors of 1011485183?
1011485183
List the prime factors of 9684923.
9684923
What are the prime factors of 1346392909?
43, 31311463
List the prime factors of 2434902684.
2, 3, 71, 2857867
What are the prime factors of 1229123760?
2, 3, 5, 83, 61703
What are the prime factors of 701354592?
2, 3, 811753
List the prime factors of 34564626.
2, 3, 1920257
List the prime factors of 71517872.
2, 281, 15907
What are the prime factors of 163253290?
2, 5, 16325329
List the prime factors of 17204543.
41, 419623
List the prime factors of 815105628.
2, 3, 947, 23909
What are the prime factors of 16869074?
2, 19, 23, 19301
What are the prime factors of 302839233?
3, 19, 293, 18133
List the prime factors of 825219659.
11, 31, 89, 27191
List the prime factors of 49456870.
2, 5, 4945687
What are the prime factors of 5434572113?
157, 34615109
List the prime factors of 4059561832.
2, 47, 3253, 3319
List the prime factors of 2503050411.
3, 834350137
What are the prime factors of 27245803?
13, 2095831
List the prime factors of 127875171.
3, 42625057
List the prime factors of 3848969947.
43, 89510929
List the prime factors of 2274765984.
2, 3, 2632831
List the prime factors of 31744789.
31744789
What are the prime factors of 408526720?
2, 5, 7, 1861
List the prime factors of 4370715.
3, 5, 97127
List the prime factors of 86410111.
29, 47, 63397
List the prime factors of 426174169.
29, 59, 249079
List the prime factors of 70282294.
2, 1783, 19709
List the prime factors of 198027904.
2, 1547093
What are the prime factors of 60582033?
3, 17, 89, 1483
What are the prime factors of 343514168?
2, 42939271
List the prime factors of 693121432.
2, 67, 1293137
What are the prime factors of 4503566?
2, 37, 60859
What are the prime factors of 86122357?
17, 5066021
List the prime factors of 5692313053.
7, 29, 28040951
List the prime factors of 6445882031.
19, 339256949
List the prime factors of 36167967.
3, 11, 365333
List the prime factors of 145528515.
3, 5, 11, 59, 151
What are the prime factors of 56323609?
317, 177677
List the prime factors of 32390170.
2, 5, 37, 87541
List the prime factors of 232868997.
3, 19, 23, 59209
What are the prime factors of 134107305?
3, 5, 17, 367, 1433
List the prime factors of 3643226006.
2, 7, 260230429
What are the prime factors of 4405875242?
2, 2202937621
What are the prime factors of 192336413?
229, 839897
What are the prime factors of 631559932?
2, 167, 199, 4751
List the prime factors of 1862944466.
2, 193, 4826281
What are the prime factors of 40394853?
3, 1453, 3089
List the prime factors of 52100833.
52100833
List the prime factors of 3324166141.
59, 6659, 8461
What are the prime factors of 231783478?
2, 263, 440653
List the prime factors of 37341705.
3, 5, 29, 85843
List the prime factors of 202799950.
2, 5, 109, 127, 293
List the prime factors of 2356455953.
3329, 707857
What are the prime factors of 426608343?
3, 7, 2257187
What are the prime factors of 290223321?
3, 97, 127, 7853
What are the prime factors of 1853135561?
199, 479, 19441
List the prime factors of 757205076.
2, 3, 63100423
What are the prime factors of 8067860928?
2, 3, 97, 127, 379
List the prime factors of 184602047.
7, 26371721
What are the prime factors of 162497337?
3, 1193, 45403
What are the prime factors of 807030294?
2, 3, 7, 392143
What are the prime factors of 38411086?
2, 7, 229, 11981
List the prime factors of 49294484.
2, 12323621
List the prime factors of 169790486.
2, 359, 236477
What are the prime factors of 1471186963?
1471186963
What are the prime factors of 3848329129?
167, 23043887
What are the prime factors of 937802305?
5, 11, 97, 175783
List the prime factors of 198297839.
198297839
List the prime factors of 107022368.
2, 3344449
What are the prime factors of 85563414?
2, 3, 17, 279619
List the prime factors of 2938745783.
17, 172867399
List the prime factors of 2445473565.
3, 5, 19, 139
What are the prime factors of 263207374?
2, 107, 1229941
List the prime factors of 57176301.
3, 7, 13, 19, 73, 151
What are the prime factors of 3237610895?
5, 29, 727, 30713
List the prime factors of 1698108382.
2, 59, 243911
What are the prime factors of 2466258814?
2, 41, 79, 380713
What are the prime factors of 10164546?
2, 3, 7, 80671
List the prime factors of 773902786.
2, 31, 181, 68963
List the prime factors of 25181146.
2, 67, 113, 1663
What are the prime factors of 4689430980?
2, 3, 5, 13, 6012091
List the prime factors of 383210522.
2, 317, 604433
What are the prime factors of 1164895748?
2, 73, 1637, 2437
List the prime factors of 76749944.
2, 9593743
What are the prime factors of 118600465?
5, 1621, 14633
What are the prime factors of 171132719?
23, 757, 9829
List the prime factors of 68712951.
3, 541, 42337
List the prime factors of 471290684.
2, 117822671
What are the prime factors of 75694449?
3, 23, 71, 15451
List the prime factors of 491192798.
2, 17, 14446847
List the prime factors of 8548528.
2, 534283
List the prime factors of 16655884.
2, 7, 84979
What are the prime factors of 4436718944?
2, 7, 211, 93871
List the prime factors of 548166532.
2, 509, 269237
List the prime factors of 877227048.
2, 3, 12183709
What are the prime factors of 392851685?
5, 31, 2534527
What are the prime factors of 99662783?
11, 9060253
List the prime factors of 100260540.
2, 3, 5, 29, 19207
What are the prime factors of 5521862863?
11, 353, 1422061
What are the prime factors of 3607921679?
17, 212230687
List the prime factors of 3257370843.
3, 1085790281
List the prime factors of 745899333.
3, 619, 401669
What are the prime factors of 263128114?
2, 5981, 21997
What are the prime factors of 1885861711?
103, 18309337
List the prime factors of 298189845.
3, 5, 37, 79, 2267
List the prime factors of 301007917.
7, 2447, 17573
List the prime factors of 777345523.
6421, 121063
List the prime factors of 7251927.
3, 2417309
List the prime factors of 74718368.
2, 2334949
What are the prime factors of 36420468?
2, 3, 7, 433577
What are the prime factors of 289927773?
3, 3677, 8761
What are the prime factors of 309161624?
2, 199, 194197
List the prime factors of 575002899.
3, 63889211
What are the prime factors of 198815568?
2, 3, 7, 563, 1051
What are the prime factors of 406021718?
2, 203010859
What are the prime factors of 2705473732?
2, 13, 73, 712717
List the prime factors of 133461328.
2, 7, 11, 13, 641
List the prime factors of 115001990.
2, 5, 677, 16987
What are the prime factors of 1815675337?
7, 857, 302663
List the prime factors of 12776744.
2, 449, 3557
List the prime factors of 13406574.
2, 3, 17, 131437
List the prime factors of 219705352.
2, 53, 283, 1831
List the prime factors of 7992834.
2, 3, 131, 10169
What are the prime factors of 1356156449?
37, 36652877
List the prime factors of 1304269462.
2, 37, 1151, 15313
List the prime factors of 14526411.
3, 83, 227, 257
List the prime factors of 25383073.
37, 686029
What are the prime factors of 77255385?
3, 5, 109, 47251
What are the prime factors of 217972884?
2, 3, 947, 19181
What are the prime factors of 57816365?
5, 23, 71, 73, 97
List the prime factors of 568114736.
2, 7, 71, 71443
List the prime factors of 56051331.
3, 7, 2669111
What are the prime factors of 1204343428?
2, 31, 9712447
What are the prime factors of 53820113?
17, 3165889
What are the prime factors of 822794028?
2, 3, 7, 9795167
List the prime factors of 93935192.
2, 13, 903223
What are the prime factors of 1180282207?
13, 7841, 11579
What are the prime factors of 24229833?
3, 23, 351157
What are the prime factors of 275423444?
2, 3769, 18269
What are the prime factors of 68715483?
3, 599, 38239
List the prime factors of 58849185.
3, 5, 3923279
List the prime factors of 14838008.
2, 17, 109103
List the prime factors of 329799375.
3, 5, 58631
What are the prime factors of 103226135?
5, 613, 33679
List the prime factors of 117004854.
2, 3, 19500809
What are the prime factors of 90413205?
3, 5, 31, 127, 1531
What are the prime factors of 571714823?
1229, 465187
What are the prime factors of 131443348?
2, 31, 479, 2213
List the prime factors of 58495034.
2, 13, 19, 118411
What 